 2)
-4
Evaluate 4 + -7 + 10 + -10.
-3
Evaluate -4 - (4 - (10 - 2)) - -2.
2
Calculate (2 - (-7 - 1)) + -5.
5
What is the value of (-9 + 3 - -5) + 0?
-1
Evaluate -4 + 3 + (0 + 3 - 5).
-3
What is -2 + -5 + 9 + 0?
2
What is -2 + (-1 + -1 - (3 + -3))?
-4
What is the value of 6 - (6 + -5 + 1)?
4
Evaluate (0 - (-1 - 1)) + -3.
-1
What is the value of 3 - (-1 - (3 + -7))?
0
0 + 0 + 1 + 1
2
(21 - 11 - -5) + -5 + -1
9
What is the value of -3 + -3 + (-11 - -24)?
7
What is 0 + (-3 - 1) - 0?
-4
Calculate -3 - (-1 + -8 + 2).
4
What is the value of 5 - 1 - -2 - 10?
-4
What is 2 - -1 - (1 + 1 + 6)?
-5
What is the value of -1 + (5 - (4 - (-4 - -8)))?
4
(10 - 10) + 1 - (1 + 2)
-2
Evaluate (-5 - -2) + (2 + 3 - -2).
4
What is the value of (0 - 3) + (2 - -2) - 2?
-1
Evaluate 2 + (0 - -1 - -1) + -2.
2
What is -1 + (-4 - (4 + -6))?
-3
What is -5 - (4 + -9) - 3?
-3
What is 0 + 6 - (-4 + 8)?
2
Calculate 0 + -2 + (0 - -14) + -8.
4
Calculate (5 - (-5 + 13)) + 6.
3
What is -6 - (15 - 8 - 7) - -8?
2
Evaluate 1 + -7 + -5 + -2 + 10.
-3
-6 + 6 + (-1 - -1) - 2
-2
What is 2 - 1 - (21 + -19)?
-1
(-2 + 3 + -1 - -3) + 2
5
What is -11 + 15 + (-8 - -2)?
-2
Evaluate (0 - 11 - (5 + -11)) + 12.
7
Evaluate 0 - (-2 - (-3 - (1 - 1))).
-1
Evaluate 0 + 0 + -3 + 2 + 2.
1
What is -3 + 0 - (1 - 0)?
-4
What is 18 + -14 + (-4 - -1)?
1
Evaluate -17 - -6 - -1 - -1.
-9
(15 - 13) + (1 - 1) + -2
0
Evaluate 1 - (0 + 5 + 0) - -3.
-1
Calculate -7 + 3 + (-3 - -5).
-2
What is the value of -1 + 4 + -3 - (2 + -4)?
2
Evaluate (-1 - -4) + (-5 - (0 - 3)).
1
Calculate -1 + 9 + -3 - (17 - 13).
1
(4 - (5 - -6)) + 3
-4
What is the value of 1 - (4 + (0 - (0 + -2)))?
-5
(-1 - (2 - -3)) + 4 - -13
11
What is -3 + 12 + -4 + -4?
1
Evaluate 1 - ((-3 + -4 - 0) + 6).
2
Evaluate 1 + 1 + -7 - (-35 + 36).
-6
What is 5 - 1 - (-5 + 14)?
-5
What is -2 - 5 - (3 + -10)?
0
2 - (4 - 7 - -3 - 0)
2
Calculate (0 - -1) + 7 + -20 + 11.
-1
Evaluate 5 - (-7 + 12 + 4).
-4
What is the value of 3 + -10 + -1 + 6?
-2
Calculate (-75 - -76) + (5 - 1) + -1.
4
-10 + 13 + -19 - -9
-7
1 + -1 + -6 + 7
1
(-1 - -1) + (3 - (5 + -1))
-1
-9 - (4 + (2 - 22))
7
What is the value of 1 - -2 - (-5 + 10)?
-2
What is -5 - (8 + -16 - (0 + 2))?
5
(-1 - 1) + 0 + -3
-5
Evaluate -11 + (0 - -6 - (6 + -6)).
-5
Evaluate -24 + 14 + (7 + 0 - 1).
-4
Evaluate 13 - (-9 - (-41 - -9)).
-10
Calculate 8 + (-1 - 7) + 0.
0
What is the value of 1 - (5 - (-1 + 5))?
0
What is the value of -8 + 0 + 0 + 3?
-5
What is -5 - (-11 - -8) - (1 + 1)?
-4
What is (2 - (8 + -3 - -2)) + 0?
-5
Evaluate (-11 - -5) + 14 + (-1 - 1).
6
What is 0 - 0 - (21 - 25)?
4
What is 33 + -23 + -4 + 2 + -1?
7
What is the value of -2 - -3 - (-2 - 1)?
4
Evaluate 25 + -16 + -2 + 0 + -2.
5
Evaluate -7 - (-10 + -1 + 4).
0
What is -1 - (6 + 1 + -8)?
0
What is 11 + -5 + 6 - 8?
4
Evaluate (8 - 7) + -5 + (13 - 4).
5
Calculate 0 + (-2 - -4 - 4).
-2
Evaluate 0 + -4 + 4 + 2.
2
Evaluate 6 - (-4 + 9 + 1).
0
Calculate -1 - (7 - (2 - (3 - 4))).
-5
Evaluate -1 + (2 - 3 - (-1 + 0)).
-1
What is the value of 1 + (2 - -3) + -9 - -4?
1
What is (-39 - -41) + -5 + 1 + 1?
-1
Evaluate (2 - (2 + -2)) + (29 - 27).
4
Calculate -6 + 5 - (-1 + 1 + -6).
5
Evaluate (18 - 9) + (0 - 9).
0
What is (-7 - -2) + 7 + -2 + -1?
-1
1 + -1 - (0 + 7)
-7
Calculate 5 - (-8 - (-16 + 8)).
5
What is the value of (-8 - -5 - -2) + (-3 - 1)?
-5
Evaluate (0 + 2 - (-3 - -4)) + 4.
5
1 - (-5 - -9) - -3 - 4
-4
Calculate -2 + 3 + 0 + 0 + -4.
-3
What is the value of 1 + -1 + (-2 + 3 - 0)?
1
Evaluate -1 - -2 - (-4 + -5 + 9).
1
What is the value of 2 + 2 + 11 + -8 + -4?
3
What is -1 - 0 - (4 + -3) - -1?
-1
-3 - (-5 + -1 - (-3 + 2))
2
Evaluate 2 - (-3 - (-2 + -2)).
1
-55 + 51 - (1 + -5)
0
Calculate -8 + 0 + -2 - -4.
-6
What is (5 - (-2 + 4)) + -1 - 0?
2
What is the value of (1 + -2 - -2) + 1?
2
Calculate 2 + -5 + (13 - (11 - 3)).
2
What is the value of -18 + 26 + -14 - (-9 + 0)?
3
Calculate 1 + 1 - (-5 - (-9 - -5)).
3
What is the value of (0 - 6 - -8) + -5?
-3
Evaluate 2 + -8 + (30 - 24).
0
What is the value of 7 - (1 + (-8 - -10))?
4
What is -2 - -9 - (55 - 55)?
7
What is (3 + 0 - (9 + -14)) + -3?
5
Calculate 0 + -1 + 2 - -1.
2
Evaluate 5 - (0 - -9) - -6.
2
What is 21 + -16 - (-2 + (3 - -2))?
2
What is 5 + -6 + (4 - -1)?
4
What is -6 + (-7 - -5) - -3?
-5
-3 + (4 - (-6 - (5 + -8)))
4
Evaluate (20 - 2) + -10 + -3.
5
Calculate (-4 - 8 - -6 - -4) + -5.
-7
Evaluate (13 - 12) + (0 - 3) + 1.
-1
-10 + 3 - -15 - 1
7
Calculate 4 + -21 + 8 - -5.
-4
(-6 - (-5 + 1)) + (1 - -1)
0
-2 + 4 + (-4 - -7)
5
-1 + (-8 - (-6 - 3))
0
(-7 - 6) + 4 + 8
-1
What is (10 - 15 - 9) + 10?
-4
What is the value of -7 + -1 + (6 - 1)?
-3
291 + -284 + (-1 - 1 - 1)
4
What is -1 + -1 + 1 + 1?
0
What is 4 + (-2 - -6) + -1?
7
Evaluate -1 + 0 + (-10 - (2 - 9)).
-4
Evaluate 0 + (3 - -11) - 9.
5
What is the value of -7 + ((3 - 8) + -2 - -19)?
5
What is the value of (0 - 9 - -7) + 4?
2
Calculate 1 + 0 - (-10 + (18 - 7)).
0
What is the value of 4 + 0 + -5 + 6?
5
2 + (0 + -2 - -4) + -2
2
What is -11 + 4 + -8 - -8?
-7
Calculate 3 + -13 - (-5 + 4).
-9
What is the value of (-4 - -10) + -6 - 6?
-6
Calculate 9 + -16 - (-1 - 1).
-5
What is the value of (4 - 2) + 3 + -4?
1
Evaluate 31 + -35 - ((2 - 8) + 2).
0
What is the value of 1 + (3 - (1 + 4 + -6))?
5
What is 4 - (-2 - (-5 + 4))?
5
What is the value of -7 - ((5 + -2 - 4) + 2)?
-8
Calculate -5 + (-5 - (-13 - -5 - 5)).
3
What is the value of -13 + 3 - -4 - -6 - 6?
-6
-1 + -5 - (2 + -5) - -2
-1
(-4 - -2) + 0 - -2 - -2
2
Calculate 151 + -161 + (0 - -6).
-4
2 - -2 - (4 - -2)
-2
Evaluate 8 + -7 + -3 + -1 + 1.
-2
Calculate 1 - (-5 - -1 - -5).
0
Evaluate 3 + 4 + -3 + -2 + 1.
3
What is the value of -14 - (-8 - -4) - -6?
-4
What is the value of 3 + -2 - -10 - (-8 - -13)?
6
Calculate 7 - (3 + 10 + -11).
5
Evaluate 2 - -1 - (-1 + 3).
1
Calculate -4 + -7 + (7 - -3).
-1
What is 3 + 2 + -9 + 17 + -12?
1
Calculate 6 - (19 + (-3 - 10)).
0
9 + (1 - -1) + 1 + -5
7
Evaluate 17 - 21 - (1 + -9) - 9.
-5
Calculate (5 + 1 - 10) + -3.
-7
What is the value of 4 - (0 - (4 + (-3 - 1)))?
4
What is the value of 10 - 11 - (-4 + 3)?
0
What is 5 + (-1 - (6 - 3 - 0))?
1
Calculate 6 + -1 + (8 - 4) + -6.
3
What is -2 + 3 - (0 - (-3 - 1))?
-3
Calculate (0 - 9) + (-2 - (3 - 8)).
-6
Calculate (27 - (8 + 6)) + 1 + -5.
9
0 + -2 + (0 - -3 - 1)
0
-17 + (0 - (3 + -12))
-8
What is the value of 3 + -1 - (-13 + 14)?
1
-2 + 4 - (-1 - -4)
-1
Calculate (38 - 23) + -7 + -4.
4
Evaluate 2 + (6 - 8) - (-3 - 1).
4
What is the value of ((-5 - -8) + -2 - -12) + -2?
11
(-4 - 1) + (1 - -25 - 21)
0
Calculate (10 - 8) + 1 + (-1 - -1).
3
-1 + 3 + (4 - 12)
-6
Calculate -5 - -2 - 5 - -1 - -2.
-5
-3 - -1 - (-2 + -19 - -24)
-5
-118 - -121 - (-8 - -2)
9
What is -115 + 125 + (0 - 12)?
-2
What is (-1 - (5 - 0)) + 9?
3
9 - (-9 + 15 + -4)
7
Evaluate -7 + 7 + (-1 - (-8 + 10)).
-3
0 + 14 - 1 - 21
-8
Calculate -2 + (11 - 10 - (1 - -1)).
-3
Evaluate 3 - ((-9 - -22) + -2).
-8
Evaluate 0 + (-1 + -2 - -3) + -2.
-2
What is the value of 7 - 4 - (0 - -1)?
2
Evaluate -2 + 6 + -2 + 8 + -11.
-1
What is the value of (-3 - (2 + -1)) + 5?
1
Calculate 3 - (0 - -4) - (1 + 1).
-3
5 + -1 + 4 + -1 + -6
1
What is the value of (-2 - (-2 + -5)) + 11 + -12?
4
What is the value of -1 - 0 - (4 + -2 - 5)?
2
2 + 1 + -6 - 3
-6
Calculate (5 - -1) + (10 - (14 - -8)).
-6
15 - 10 - 8 - (-2 - -5)
-6
What is the value of (2 - 7) + (12 - 5)?
2
Calculate 1 + (-1 - 3 - -2) + 2.
1
Calculate 5 + 0 + (-1 - 0).
4
What is the value of -6 + 0 - (-7 + 7 - 13)?
7
What is -8 - ((-3 - 0) + 1) - -1?
-5
Calculate 3 + -1 + (-36 - -44) - 4.
6
0 + -1 + -5 - (-17 + 5)
6
-21 + 2 + 6 + 4
-9
What is 2 + (1 + -2 - 1)?
0
What is (7 - 6) + (7 + 3 - 8)?
3
What is 4 + 0 - (-3 - (4 + -10))?
1
Calculate (-6 - (-1 + -10)) + -2.
3
Calculate 5 + (-9 - -8 - 7).
-3
What is the value of 0 - ((-2 - 2) + -6)?
10
What is -1 + -5 - (2 - (-4 + 18))?
6
What is 1 - (1 - 0 - 2 - -1)?
1
Calculate 1 + -1 + (-6 - -3).
-3
-12 - 1 - (40 + -63)
10
-1 + 2 - 0 - (-29 - -25)
5
What is the value of -5 + (6 - 15) + 8 + -2?
-8
What is the value of -6 - (-46 + 34 - (-1 - 5))?
0
What is -4 + 8 + -8 + (-2 - 0)?
-6
Calculate 4 - -4 - (-1 + 12).
-3
Evaluate (-1 - -10) + (4 - 12) + 3.
4
17 + -16 - (0 - -1 - 3)
3
What is the value of 12 - 8 - (2 + 0)?
2
Evaluate -5 + 0 + -17 + 18 + 0.
-4
-2 + (7 - 2) + (-7 - -9)
5
What is -3 + -1 + 3 + 